 30, -68 = -5*o - 2*w. What is the greatest common factor of 14172 and o?
12
Let w be -1 - 1 - (0 + -8 - -4). Let j be w/4*-10 + 7. What is the greatest common divisor of 2 and j?
2
Let p(n) = 3*n**3 - 20*n**2 + 82*n - 9. Let j be p(13). Calculate the greatest common divisor of j and 33.
11
Let g be (-1 + (-135)/(-125))*10*-95. Let z = g - -440. What is the greatest common divisor of z and 52?
52
Suppose 3*b = -17 + 32. Suppose 0 = 2*w - 4*y - 87 - 31, 0 = y - b. Calculate the greatest common factor of w and 3.
3
Suppose 3*y - 4239 = -5*i, -17*i + 16*i - 4*y + 824 = 0. Calculate the highest common factor of i and 576.
12
Let s be (8/12)/(1/87). Let v = 0 - s. Let z = -42 - v. Calculate the greatest common divisor of z and 16.
16
Let c be (-5 - 28/(-14))*-99. What is the highest common divisor of c and 2013?
33
Let o be (-1500)/(-48)*(0 + 4). What is the highest common factor of 1350 and o?
25
Suppose 46*q - 1744 = 42*q. Suppose 4 = -d, -8*m + 4*m + 5*d + q = 0. Calculate the highest common divisor of m and 65.
13
Let s be (6 - 13370/21)/(2/(-3)). Suppose -s = 8*m - 2306. Calculate the greatest common divisor of 17 and m.
17
Let t(q) = -7*q**2 - q**3 + 5 + 3*q + 3*q - q - 3. Let k be t(-8). Suppose 4*p - 654 = -14*p + 48. What is the highest common factor of p and k?
13
Suppose -7089*d + 7169*d - 41040 = 0. What is the highest common factor of 5814 and d?
171
Let o be (20/(-6) + 2)/(244/(-2379)). What is the highest common factor of 8489 and o?
13
Let g = -54 + 79. Let a = 36 - g. Let o be (3 - 28)/((-1)/a). Calculate the greatest common factor of 25 and o.
25
Let t be (-8 - 287/(-35)) + 794/5. Suppose -t*m - 220 = -163*m. What is the highest common factor of 22 and m?
11
Suppose 4*k - 9 = -2*l + 9, 4*l + k = 22. Suppose -21*i = 5*h - 19*i - 52, -l*h + i + 49 = 0. What is the highest common divisor of 10 and h?
10
Let b be 2/((-12)/(-6)) - -9. Suppose 5 = -5*y - b, 4*y + 97 = 5*l. Let m(w) = 17*w. Let f be m(3). Calculate the greatest common divisor of l and f.
17
Let z be (1 + -6)*(-511 + -28 + 4). Calculate the greatest common divisor of 25 and z.
25
Suppose 3*q - 42 = 102. Let p be 18/q*-1 + (-67)/(-8). Calculate the highest common divisor of 20 and p.
4
Let d be 17/(-4) - 1/(-4). Let m be 5/(-20) + 2701/148. Let b be ((-3322)/(-18))/11 - d/m. What is the greatest common factor of 34 and b?
17
Let p(b) = b**3 - b**2 - 3*b + 40. Let r be p(0). Suppose -r*y + 280 = -360. Calculate the highest common factor of y and 976.
16
Let r(p) = 210*p - 365. Let t be r(2). Calculate the highest common factor of t and 407.
11
Let a(m) = 2*m**2 + 1. Let k be a(-3). Let b = -177516 - -177763. What is the highest common factor of k and b?
19
Suppose -3*p + 6*p = -3*x + 48, -5*x - 46 = -4*p. Suppose 2*k - 29 = -53. Let r be k/12*(4 - 46)/3. What is the greatest common divisor of r and p?
14
Suppose 41*a = 60*a - 88768. Calculate the highest common factor of a and 146.
146
Let o be (-1068)/(-24) - ((-63)/18 + 2). What is the greatest common factor of 1863 and o?
23
Let y = -418 + 370. Let k be 3 + -1 - y/6. Calculate the greatest common factor of k and 500.
10
Suppose -15*p + 20*p + 14 = 4*c, -3*c = 3*p + 3. Let x(j) = -25*j - 22. Let g be x(p). Calculate the greatest common factor of g and 224.
28
Suppose 5*b - t = 23718, -2*t + 2370 = 2*b - 7134. Calculate the highest common factor of b and 195.
65
Suppose -519999 = -177*u + 38*u. Calculate the greatest common divisor of u and 261.
87
Suppose 0 = 6*v - v - 95. Suppose -11*q + 52 = 19. Suppose t - c - 4 = 4*c, -q*c + 28 = t. What is the greatest common divisor of v and t?
19
Suppose 0 = 11*p + 13*p - 4008. Let n = p + -150. What is the greatest common divisor of n and 187?
17
Let z(o) = o**2 - 7*o + 2. Let g = 10 - 16. Let v be z(g). Let h = 7 + 3. Calculate the highest common factor of v and h.
10
Let y = 202 - 110. Suppose u - 48 = -5*j + 159, 2*u = 3*j + 414. Suppose 19*z - 10*z = u. Calculate the highest common factor of y and z.
23
Let d be (-12)/(-18) - ((-5630)/6 - -4). Let i = -767 + d. What is the greatest common divisor of 96 and i?
24
Let x = 62 + -44. Suppose -13*o + x*o = 880. Let l(y) = -9*y + 4. Let s be l(-2). Calculate the highest common divisor of o and s.
22
Let v = 209 + -141. Let r = v + -32. Suppose -147*z = -152*z - 3*y + 180, -2*z + 72 = -2*y. What is the highest common divisor of z and r?
36
Let n = -2635 - -3714. Calculate the highest common factor of 13 and n.
13
Let i(h) = 2*h**2 - 9*h + 10. Let f be i(4). Let u be f/(18/57) + -2. Suppose 3*g = u - 14. What is the greatest common divisor of 5 and g?
1
Suppose -104*a + 43044 + 15954 + 77450 = 0. What is the highest common factor of 48 and a?
16
Let a = -181 - -328. Suppose 776*q - 2699 = 17448 + 17877. Calculate the greatest common divisor of a and q.
49
Let h be (240/(-200))/((-2 - -1)/10). Let s(b) = -7*b + 0*b + 2 + 0*b + 3*b**2 - 8. Let k be s(6). What is the greatest common factor of h and k?
12
Let n be 54/(-9) - (-22)/2. Suppose 0 = -5*y + 2*f + 95, 4*f + 34 = -n*y + 159. Calculate the greatest common divisor of 175 and y.
7
Suppose -170*f + 337*f - 173*f + 8640 = 0. What is the greatest common divisor of f and 1368?
72
Let j(r) = -r**2 + 11*r + 66531. Let f be j(-252). Let h = 0 - -15. Calculate the highest common factor of h and f.
15
Let o(s) = -s**3 + s**2 + 14*s - 7. Let x be o(4). Let w be (1 + 5 + -7)/(x/(-24)). What is the highest common divisor of w and 6?
6
Let m = -4 + 7. Let h be m/(-12) - (-425)/20. Suppose -g + 3*k + 31 = 4, -32 = -2*g - 5*k. Calculate the greatest common divisor of g and h.
21
Let w be 2*(-3)/(-6)*3. Suppose w*i + n - 240 = 3*n, 179 = 2*i + 5*n. Let y be ((-533)/26)/((-5)/50). What is the greatest common factor of i and y?
41
Let p = -5139 + 5363. What is the greatest common factor of 56 and p?
56
Suppose 6*p + 9*p - 390 = 0. Let d be p + -2 + 5 + -7. Calculate the greatest common divisor of 121 and d.
11
Let k be (3 - (-12)/(-3))*(-2 - 2). Suppose -136 + 20 = -4*b + 2*c, -k*b + 116 = c. Let f be 31 - (3/3 + 1). Calculate the greatest common divisor of f and b.
29
Suppose -174 = -2*a - 3*f + 3303, a + 3*f = 1731. Calculate the greatest common divisor of a and 970.
194
Suppose -480*t + 353*t + 1016 = 0. Let f = -47 - -171. Calculate the highest common divisor of f and t.
4
Let u = 162 + 86. Let t = -235 + u. Calculate the highest common divisor of 39 and t.
13
Let q be 258/42 + -6 + ((-31815)/49)/(-5). Calculate the greatest common divisor of 1320 and q.
10
Let a(d) = -3*d**2 - 226*d + 377. Let l be a(-76). What is the greatest common factor of l and 468?
9
Let q(f) = -48*f**2 + 8*f - 11. Let k be q(3). Let b = 704 + k. Calculate the highest common factor of b and 114.
57
Suppose 7 - 40 = 3*k. Let p = k - -15. Let r be (-3 - 2*-2) + 3. What is the highest common divisor of r and p?
4
Suppose -3335 = -5*l - 2*w, 0 = -9*l + 5*l + 2*w + 2650. Suppose 9*j = -10*j + l. What is the highest common divisor of j and 119?
7
Suppose 12*h - 3211 = 9077. What is the highest common factor of h and 24?
8
Let c(o) = -o**2 + 6*o + 10. Let b be c(9). Let a = 20 - b. Let i(f) = 17*f - 75. Let y be i(24). Calculate the highest common factor of a and y.
37
Let f(i) = -i**2 + 14. Let n(j) = 3*j**2 - j - 29. Let b(g) = 7*f(g) + 3*n(g). Let v be b(6). What is the highest common divisor of 13 and v?
13
Let t be 6*-1 + (-2 - (1*-738 - 0)). What is the greatest common divisor of 10 and t?
10
Let u = -338 - -376. Let k = -5 + 9. Suppose 8*f - 76 = k*f. Calculate the highest common factor of u and f.
19
Let t = -25607 + 25731. What is the highest common factor of 68 and t?
4
Let k(f) = 180*f + 8298. Let h be k(-46). Suppose -2*m + 108 = m. Calculate the highest common factor of h and m.
18
Let d be -408 - -413 - (-38)/2. Calculate the greatest common divisor of d and 40.
8
Let s be 4/14 + 99/21. Suppose -372 + 50 = -4*h + 5*k, s*k + 88 = h. What is the greatest common divisor of 130 and h?
26
Let p(v) = -12*v**3 - 3*v - 8 - v + v + 2*v. Let i be p(-3). What is the greatest common factor of i and 58?
29
Let t = -12777 + 17636. Calculate the highest common factor of 43 and t.
43
Let k be (-6)/(-207) + (-57390784)/(-8349). What is the highest common factor of k and 14?
14
Let w(q) = -q**3 + 25*q**2 + 26*q + 3. Suppose -l -